e
Is 1662083 prime?
True
Is 584116019 a composite number?
False
Is 22809151 a composite number?
False
Is 651515353 composite?
False
Is 3174419 composite?
False
Is 316533007 composite?
True
Is 2419069 composite?
False
Is 3345941 prime?
True
Is 35612509 composite?
False
Is 9760241 prime?
True
Is 218573 composite?
True
Is 716087 prime?
True
Is 11416906 prime?
False
Is 4981903 composite?
False
Is 3702649 prime?
True
Is 93574889 composite?
False
Is 28093883 a composite number?
True
Is 423046633 a composite number?
False
Is 211729555 a prime number?
False
Is 3445093 composite?
False
Is 8106991 prime?
True
Is 6156391 a composite number?
True
Is 81618293 prime?
True
Is 106745129 a composite number?
False
Is 961605451 a composite number?
False
Is 81926617 a composite number?
False
Is 1471079 composite?
False
Is 56638193 composite?
False
Is 52747869 a prime number?
False
Is 321852833 a prime number?
False
Is 155048279 a prime number?
False
Is 525614251 a prime number?
True
Is 149656747 prime?
False
Is 14996801 a prime number?
True
Is 279014657 a composite number?
True
Is 9569957 prime?
True
Is 4636167 a prime number?
False
Is 32398609 prime?
False
Is 8567513 a prime number?
True
Is 776875753 prime?
True
Is 4635649 prime?
True
Is 178145323 a prime number?
True
Is 55121519 composite?
False
Is 597301 a prime number?
True
Is 459902149 a composite number?
True
Is 39610499 a composite number?
False
Is 31007531 a prime number?
True
Is 7510417 a prime number?
False
Is 5472451 a composite number?
False
Is 2403343 a prime number?
True
Is 30316991 composite?
False
Is 119585645 a prime number?
False
Is 324067 composite?
False
Is 974027 composite?
True
Is 38267 a prime number?
False
Is 21212231 prime?
False
Is 21144569 composite?
True
Is 6424673 a prime number?
False
Is 262981 prime?
True
Is 11409463 a composite number?
True
Is 148525159 prime?
False
Is 131023339 a composite number?
False
Is 14784233 a composite number?
False
Is 9118757 a prime number?
True
Is 60860251 a prime number?
True
Is 83247279 composite?
True
Is 1425337 prime?
True
Is 20518541 a prime number?
False
Is 11847137 prime?
False
Is 33645541 prime?
False
Is 1860467 a composite number?
True
Is 60149587 a composite number?
True
Is 70411713 composite?
True
Is 16314317 a composite number?
False
Is 1598007 prime?
False
Is 508189 prime?
False
Is 142987151 a composite number?
False
Is 660401 prime?
False
Is 70603069 composite?
True
Is 258174167 prime?
True
Is 547377047 prime?
False
Is 20204477 prime?
True
Is 56361439 composite?
True
Is 4847443 a prime number?
True
Is 6731597 prime?
True
Is 3763027 prime?
True
Is 8484289 a composite number?
True
Is 3829387 a prime number?
False
Is 1019519 prime?
False
Is 21613181 prime?
False
Is 42228869 prime?
True
Is 123172607 composite?
True
Is 15819751 a composite number?
False
Is 69230179 a composite number?
False
Is 15017371 prime?
True
Is 9854359 prime?
False
Is 242025011 a prime number?
True
Is 18082487 a composite number?
True
Is 1802299 a prime number?
False
Is 799444147 prime?
True
Is 4729486 composite?
True
Is 32135329 composite?
False
Is 8532907 a prime number?
False
Is 26830171 composite?
True
Is 8757863 a composite number?
True
Is 1691468623 a composite number?
True
Is 9693997 a composite number?
True
Is 23486851 prime?
True
Is 1987141 composite?
True
Is 346603 prime?
False
Is 13379279 a prime number?
False
Is 29637157 composite?
True
Is 128710177 a prime number?
True
Is 42123559 prime?
True
Is 4757101 a prime number?
True
Is 172847 a prime number?
False
Is 7984331 composite?
False
Is 18545983 prime?
True
Is 121051117 a composite number?
True
Is 307687 composite?
False
Is 1150945 a prime number?
False
Is 3063719 composite?
True
Is 1796033 a composite number?
True
Is 19186589 a composite number?
True
Is 263629 composite?
True
Is 4510229 a composite number?
False
Is 201582701 composite?
True
Is 14770789 a prime number?
False
Is 9472369 a prime number?
False
Is 55407503 a composite number?
False
Is 116507227 prime?
True
Is 320473837 a prime number?
True
Is 4320419 a prime number?
True
Is 29901689 a composite number?
False
Is 98758006 a composite number?
True
Is 2983637 a composite number?
True
Is 253474663 composite?
True
Is 664760047 composite?
True
Is 11136733 prime?
True
Is 19680343 a prime number?
True
Is 99083551 a prime number?
False
Is 15649097 prime?
False
Is 26217749 a prime number?
True
Is 353904329 a composite number?
False
Is 331102001 composite?
False
Is 11035797 a prime number?
False
Is 44719106 prime?
False
Is 68611757 a prime number?
True
Is 82316537 composite?
True
Is 604211 a composite number?
True
Is 157589 prime?
False
Is 289649 a composite number?
True
Is 5557333 composite?
False
Is 483971647 prime?
True
Is 141443509 a prime number?
False
Is 16747691 a prime number?
False
Is 715439 a composite number?
False
Is 9451 prime?
False
Is 3922859 prime?
False
Is 18778771 a prime number?
False
Is 411368081 composite?
True
Is 3684161 a composite number?
True
Is 304531495 composite?
True
Is 69441199 a composite number?
False
Is 34818899 composite?
False
Is 4548727 a composite number?
False
Is 493369 composite?
False
Is 27067561 a prime number?
True
Is 924509 a composite number?
True
Is 5787931 prime?
False
Is 654971 a composite number?
True
Is 2148841 a prime number?
False
Is 353664139 a prime number?
False
Is 83322763 a prime number?
False
Is 7254771 a composite number?
True
Is 59925597 prime?
False
Is 142859297 a prime number?
False
Is 2158859 a prime number?
True
Is 18688849 composite?
False
Is 2665079 a composite number?
True
Is 31945521 composite?
True
Is 14674579 a composite number?
False
Is 14553397 a composite number?
False
Is 71066671 composite?
True
Is 46272689 a prime number?
False
Is 651585053 a composite number?
True
Is 21095099 composite?
False
Is 2820313 composite?
False
Is 3493227 a composite number?
True
Is 1560737 prime?
False
Is 3864043 prime?
False
Is 420691 a composite number?
False
Is 1498846 a prime number?
False
Is 9184673 prime?
True
Is 186538757 composite?
False
Is 31229149 composite?
True
Is 5256737 composite?
False
Is 1070841418 a composite number?
True
Is 94870099 a prime number?
False
Is 13692439 a prime number?
False
Is 4369891 a prime number?
True
Is 10644287 prime?
False
Is 2255063 prime?
True
Is 19863043 a prime number?
False
Is 2769717 a prime number?
False
Is 15196429 a composite number?
True
Is 8061593 prime?
True
Is 46563883 a composite number?
True
Is 5201267 prime?
True
Is 14647467 a prime number?
False
Is 120136417 a prime number?
True
Is 590657 a composite number?
False
Is 197936849 a prime number?
False
Is 14530559 prime?
True
Is 28613621 composite?
False
Is 2202059 prime?
False
Is 104839197 composite?
True
Is 8252623 a composite number?
False
Is 46488733 prime?
False
Is 1777213 composite?
False
Is 471504919 a composite number?
False
Is 2107247 composite?
False
Is 28545511 a composite number?
False
Is 175943 a composite number?
True
Is 4379341 composite?
True
Is 476579 composite?
False
Is 20498861 prime?
False
Is 2591839 a composite number?
False
Is 132858357 a composite number?
True
Is 441073 a composite number?
False
Is 21559199 prime?
False
Is 2391853 a prime number?
False
Is 2576329 prime?
False
Is 2551603 composite?
False
Is 38300797 a composite number?
True
Is 46413065 prime?
False
Is 40102199 prime?
True
Is 2737747 a prime number?
True
Is 8493047 a prime number?
False
Is 1886285 a prime number?
False
Is 8722655 a composite number?
True
Is 8446378 a prime number?
False
Is 92796707 composite?
False
Is 3738157 a composite number?
False
Is 15384189 a composite number?
True
Is 133440407 a composite number?
False
Is 703052177 prime?
True
Is 4739113 composite?
True
Is 854197 prime?
False
Is 1197866 a composite number?
True
Is 20513177 a prime number?
True
Is 11611001 a composite number?
False
Is 17874635 a composite number?
True
Is 252961 a composite number?
True
Is 197866103 a prime number?
True
Is 107803301 a prime number?
False
Is 1366829 a composite number?
False
Is 2590979 a prime number?
True
Is 55844821 a prime number?
False
Is 33349562 a prime number?
False
Is 1036589 composite?
True
Is 21543289 a prime number?
True
Is 3286555 a composite number?
True
Is 11668773 prime?
False
Is 12559933 a prime 